116 - -124. Suppose -2*u - w*u - 40 = 0. Let m be u/8 + ((-351)/6)/9. Let f(x) = x**2 + 6*x - 4. What is f(m)?
3
Let z(m) = -3*m**3 + 15*m**2 - 7*m - 4. Let f be z(6). Let d = f - -162. Let a(q) = -q**3 + 9*q**2 - 7*q - 2. What is a(d)?
6
Suppose k = -4 - 0. Let s(d) = d**3 + 10*d**2 - 11*d + 5. Let h be s(-11). Let y(f) = 11*f - 2*f + 1 - 7*f - h. What is y(k)?
-12
Let f(z) = -2*z**2 - 37*z - 20. Let h be f(-18). Let o be ((-51)/187)/(h/22). Let w(g) = 3*g - 4. Calculate w(o).
5
Let i(y) = -15*y**2 + 14 + 41*y**2 - 13*y**2 - 14*y**2 - 22 - 10*y. Give i(-8).
8
Let a(k) be the second derivative of 15 - 1/3*k**3 + 5*k + 2*k**2. What is a(0)?
4
Suppose 4*l - 14 = 3*h + 19, -5*l - 20 = 5*h. Let m(q) = -10. Let r(p) = p + 44. Let d(b) = 4*m(b) + r(b). Determine d(h).
-3
Let x(u) = -6*u + 112. Suppose -3*l - 2*l = -95. Let o be x(l). Let y(q) = -3*q - 2. Give y(o).
4
Let w be (135/(-60) - (-10)/8 - -2)*5. Let x(z) = z**3 - 8*z**2 + 9*z - 26. Give x(w).
-56
Let r be (7 + (1 - 10))/(-3 - -5). Let c(s) be the third derivative of 2*s**4/3 - 2*s**2. What is c(r)?
-16
Let s be 9/(-18) + 2/4. Let x(m) be the first derivative of -m**2 - 5*m + 175. Determine x(s).
-5
Let n = -16205 - -16204. Let s(z) = -10*z**3 + z**2 + z**3 + 7*z**3. Give s(n).
3
Let h be (4*4/32)/((-6)/(-144)). Let s(g) = 2 + 3*g**3 - h*g + 2*g**2 + g**3 - 3*g**3 + 15*g. Calculate s(-2).
-4
Let d(a) = a**2 + a - 23. Let t = 11868 + -11862. Give d(t).
19
Let v(j) be the first derivative of -j**4/4 - 4*j**3/3 + 11*j**2/2 - 5*j - 6599. Calculate v(-5).
-35
Let z(c) = -c**3 + 11*c**2 + 26*c + 6. Let m be z(13). Let r(y) = 2*y**2 + 12*y + 13. Let v be r(-5). Let x(w) = w + 11 - m + v. What is x(-6)?
2
Let y(v) = v**2 - v. Let n(g) = -2*g**2 - 4*g. Let j(w) = -n(w) + 3*y(w). Suppose -5*r + 22 = 6*r. Suppose -3*a + 4 = -r*l, -8 = -l - l - 3*a. Give j(l).
6
Suppose -c + 4*q = -8, 6 = 3*c + 2*c - 3*q. Suppose c*f + 6*f = -42. Let a(o) = -2*o - 3. Give a(f).
11
Let d = -20 + 16. Let j(n) = n**3 + n**2 - 1. Let q(m) = -5*m**3 + 3*m**2 - 6*m + 3. Let g(w) = d*j(w) - q(w). Suppose -6 + 0 = -l. Give g(l).
1
Let d be -12*(-4 - 18)/(-44). Let f(c) = 2*c**3 + 13*c**2 + c + 1. Calculate f(d).
31
Let b = 79 + -79. Suppose -3*o + 2*n + 2 = b, -4*o - 2*n + 11 + 1 = 0. Let l(t) = -15 + o*t + 21 - 8. Give l(7).
12
Let m(w) = w**3 + 6*w**2 - w - 5. Let i = 237 - 237. Suppose i = 32*p - 37*p - 30. What is m(p)?
1
Let i = 3992 - 3990. Let a(h) = -35*h + 76. Determine a(i).
6
Let s = -265993 + 265999. Let q(h) = -1 - 5*h + 2*h**2 + 2 + 5. Give q(s).
48
Let s(b) = -8 + 2*b + 2 + 5 - 8. Calculate s(12).
15
Let m(y) = -11*y - 29. Let p(l) = -9*l - 26. Let x(r) = 4*m(r) - 5*p(r). Calculate x(4).
18
Let y(t) = 180*t**2 + 84*t - 10. Let s(p) = -34*p**2 - 17*p + 2. Let d(f) = 16*s(f) + 3*y(f). What is d(-6)?
-22
Let i(r) = -10*r**2 + 165*r + 25. Let k(q) = 43*q**2 - 824*q - 132. Let b(h) = -11*i(h) - 2*k(h). Give b(7).
-4
Suppose -2*m - r = -8 - 1, 17 = 5*m - 3*r. Suppose 7*a - m*a - 3 = 0. Let v(n) = -7*n**2 + 1. What is v(a)?
-6
Let g(b) = -b**3 + b**2 - 55*b + 114. Let j be g(2). Let i(m) = 10*m + 22. Calculate i(j).
22
Suppose 12*j - 11*j + 4 = 0, 2*j + 36 = -4*b. Let p(f) = f**2 + 5*f - 10. What is p(b)?
4
Let n(i) = 9*i + 1. Let y be (12 + 0)*52*(-4)/12. Let a = -207 - y. Give n(a).
10
Let q(h) = -2*h**3 + 7*h**2 - h - 5. Suppose 0 = -40*f + 257 - 97. Give q(f).
-25
Let t(x) = -2*x**3 + 6*x**2 + 5*x - 1. Let g(l) = -3*l**3 + 12*l**2 + 7*l - 2. Let s(o) = 3*g(o) - 5*t(o). Determine s(-6).
23
Let h = 13 + 563. Let c(w) = 577*w**2 - 5*w - h*w**2 - 4 + 0. Determine c(6).
2
Let z(k) be the second derivative of 0*k**3 - 1/20*k**5 - 5*k + 5/2*k**2 + 6 + 1/12*k**4. Let i = 1 - 1. What is z(i)?
5
Let v = 54 - 42. Let k(w) be the second derivative of -w**5/120 + 7*w**4/24 + 14*w**3/3 - 22*w. Let b(a) be the second derivative of k(a). Calculate b(v).
-5
Let t = -2725 + 2705. Let z(o) = o - 18. What is z(t)?
-38
Let r(y) = -y**2 - 9*y + 2. Let t(q) = q**2 + 15*q - 4. Let m(b) = 2*r(b) + 3*t(b). Determine m(-28).
20
Let n(g) = -9*g + 57. Let t be n(6). Suppose 23 = 5*v - 0*v + t*r, r + 3 = v. Let y(z) = 5*z**2 + 0*z + 4*z - z**3 - 12*z - 1 + 4*z. What is y(v)?
-1
Let q(r) = 1 - r**3 - r**2 + 12*r + 0*r - 12*r. Let u(x) = 2*x**3 - 8 + 1 + 1 + 8*x**2 - 2*x. Let o(b) = 3*q(b) + u(b). Calculate o(3).
9
Suppose -4*j - 3*z + 6*z + 19 = 0, -z - 4 = j. Let o(s) = 6*s**2 + 11*s - 8. Let x(h) = -h**2 - 3*h. Let b(k) = j*o(k) + 5*x(k). Determine b(7).
13
Let a(i) = -i**3 + 6*i**2 - 4*i + 2. Let q be 12/2*(207/(-46) + 5). Give a(q).
17
Let f be -5 + 48/(-18)*-3. Suppose 15 = -f*y, 0 = 2*k + 3*k + 5*y. Let i(d) = -d. Determine i(k).
-5
Let i(r) be the second derivative of r**4/12 + r**3 + 7*r**2/2 - 7*r. Suppose 30*q + 325 = -35*q. Calculate i(q).
2
Let s(q) = -9*q**2 - 2*q + 1. Let z(m) = 6*m + 6. Let n be z(2). Let w be (-8)/10*(-405)/n. Suppose -2*o - w = 4*k, 3*o - 6*o + 4*k + 23 = 0. Give s(o).
-10
Let v(k) = 19 + 6*k + 36 - 15 - 2*k. Let a(g) = -10*g + 248. Let s be a(25). Let x(l) = l + 10. Let c(i) = s*v(i) + 9*x(i). Calculate c(0).
10
Let y(t) = -2 + 7*t + 9 - 1 - 6*t. Suppose 0*x = -7*x - 21. Let h be (-2)/(-5) - x/5 - 1. Calculate y(h).
6
Let i be 474/158*(-1)/(6/16). Let x(g) = -g**3 - 9*g**2 - 15*g - 56. Determine x(i).
0
Let z(p) = -2*p**2 + 24*p - 68. Let h(t) = 16*t + 774. Let l be h(-48). Determine z(l).
4
Let z(u) be the first derivative of 31*u**2/2 - 96*u - 5783. Give z(3).
-3
Let j(c) = -2*c**3 - 13*c**2 + 13*c - 2. Let r(x) = -x**3 + 1. Let v(d) = j(d) - 3*r(d). Suppose -3*f + 8*f = 19 + 41. Calculate v(f).
7
Let x(l) = 8*l**2 - 2*l - 122. Let k(q) = 29*q**2 - 7*q - 376. Let j(s) = 2*k(s) - 7*x(s). What is j(0)?
102
Suppose 9 = -4*f + f, -5*m + 19 = -3*f. Suppose m*t = t - 5*u + 102, -t = -u - 126. Let b = 114 - t. Let v(i) = i**2 + 8*i - 11. Determine v(b).
-11
Let u(n) = -3*n - 2. Let d(i) = -17*i - 9*i - 13*i + 23*i + 133. Let y be d(8). What is u(y)?
-17
Let n(d) = d - 34. Let c be n(38). Suppose -4*q + 20 = j + q, 2*j = -q + c. Let k(f) = f - 6. Determine k(j).
-6
Let s(m) = m**2 - 5*m - 5. Let c = 23782 + -23776. What is s(c)?
1
Suppose -3*t + 76 = -5*f, 26 + 48 = -5*f + 2*t. Let m(j) = 2*j + 14. What is m(f)?
-14
Let x(t) = -3*t + 102. Suppose 526*c + 68 = 528*c - 3*y, 0 = -5*c + 3*y + 152. Give x(c).
18
Let i(l) = -24*l**2 + 15*l + 44*l**2 + 26 - 19*l**2 + 32. Let q be i(-9). Let f(d) = -2*d**2 + 7*d - 4. Determine f(q).
-8
Let u(r) = -56*r + 97. Let x(f) = 7*f - 3. Let h(s) = -u(s) - 5*x(s). Give h(4).
2
Let t(b) be the third derivative of -5*b**4/24 + 55*b**3/6 + 10*b**2 + 135. Determine t(0).
55
Let c(g) = -17*g**3 - g**2 + g. Let x(m) = -4*m**2 - 13*m + 2. Let z be x(-2). Suppose -2*h = 5*d - z, d + 0*d - 7 = -5*h. Determine c(h).
-17
Let p(g) = g**2 - g - 3. Let c(n) = -2*n**3 - 15*n**2 - 3*n + 31. Suppose j = 4*k + 30, -26 = 2*k - 3*j - 6. Let w be c(k). Determine p(w).
3
Suppose -2*h + 6 - 4 = 4*p, -5*h + 5*p + 35 = 0. Let u(d) be the third derivative of -1/60*d**5 + 0 + d**3 + 1/8*d**4 + 9*d**2 + 0*d. Determine u(h).
-4
Let u(c) = -54 + 15 - c**2 + 15 + 11 + 23 + 6*c. Let t(n) = n**2 + 2*n + 4. Let r be t(-3). Determine u(r).
3
Let t(i) be the third derivative of -i**5/20 - 67*i**4/24 - 5*i**3/2 + 2704*i**2. Calculate t(-22).
7
Let k(j) = -1 + 47*j**2 - 3*j - 3*j + 5*j. Suppose 217*p + 220*p - 437*p - 3 = 3*y, 0 = p - y. Give k(p).
47
Let q(l) = -17*l**3 + 13*l**2 + 3*l - 14. Let x(c) = 20*c**3 - 14*c**2 - 4*c + 14. Let y(j) = 7*q(j) + 6*x(j). Determine y(-6).
40
Let k(g) = 16*g + 6. Let p(s) = -32*s - 10. Let u(o) = 5*k(o) + 3*p(o). Let m = -571 + 572. Give u(m).
-16
Let n(z) be the third derivative of -z**6/120 + z**5/15 + 3*z**4/8 - z**3/3 + 11*z**2. Suppose -17*v = -7*v + 410. Let t = 47 + v. Give n(t).
-20
Let k(t) be the second derivative of -t**3/6 - 2*t**2 + 2*t. Let b(i) = -2*i**2 - 16*i + 52. Let q be b(-10). Let w be (-1)/(-2)*(q/(-4) - -3). Calculate k(w).
-4
Suppose 71 = -12*t - 13. Let w(y) = -y**3 - 7*y**2 - y + 4. Determine w(t).
11
Let s(h) = 11*h**2 + 4*h + 2. Let a = 189 + -909. Let l = a + 718. Determine s(l).
38
Let j(r) = -r**2 + 2*r**2 + 16*r - 1697 + 1705. Suppose 48 = -4*g - 3*b, -5*g - 67 = -4*b + 24. Calculate j(g).
-7
Let x(d) = d - 13. Let c(h) = -32*h + 956. Let q be c(3